12 + -7 - (-18 + 5).
-6
What is (1 - ((-11 - -10) + 0)) + 9?
11
Evaluate (-104 - -136) + (-65 - -2).
-31
What is the value of 2 + -7 - (68 - 61)?
-12
What is the value of 4 + -5 + 0 + (149 - 149)?
-1
What is the value of -4 + -3 + 7 + 4?
4
What is the value of -9 - (-4 + (-6 - 34) + 6)?
29
Evaluate (6 - (-7 + 4 + 3 - -4)) + 9.
11
What is (25 - 7) + -21 - (1 - 9)?
5
19 + (7 - 5) + -7 - (5 + 1)
8
What is -17 + -6 + (0 - (-14 + 1)) + -3?
-13
Calculate -1 - (-14 + -6 + 29).
-10
Evaluate -137 + 162 + (-2 - 18).
5
7 - (1 + 1 + (5 - 5) + 3)
2
Evaluate (-12 + 2 - (9 + -3)) + (-1 - -1).
-16
What is the value of (-4 - 6 - -7) + -3 + 12 - 2?
4
Calculate -37 + 2 + (-19 - 9) + 10 + 20.
-33
What is 10 - ((-2 - -6) + -9) - 2?
13
What is 6 - (14 + 4 + -32)?
20
What is the value of 39 + -21 - 38 - (-17 + 0)?
-3
10 + (0 - 1) + 9 + -32 + -4
-18
10 + -1 + (25 - 12) + (-10 - -4)
16
What is 5 + -3 + (-26 - -13)?
-11
What is the value of 1 - (4 + -11) - 8 - 12?
-12
Evaluate 9 + (-24 - -13) - -2.
0
Calculate (3 - ((12 - 5) + -11) - 4) + 6.
9
-2 + 9 + 4 - 15
-4
What is 9 - 0 - (-8 - (-10 + 8))?
15
Evaluate 4 - (-13 + (7 - 6) + 3).
13
Calculate (-7 - 3) + (1 + -2 - -4) + -1.
-8
What is the value of -43 + 20 + 31 - (-1 - -13)?
-4
2 - (7 - (6 - 3)) - -2
0
Evaluate 10 - (8 + 0 + -2).
4
What is 8 + 1 + (35 - -57) + -90?
11
Calculate 5 - (21 + -9 + 1).
-8
What is the value of 1 - (-4 + -2 - -6 - (5 - 8))?
-2
(9 - ((-11 - 1) + 23)) + -13
-15
Calculate 16 + -13 + 9 - (-6 - -1).
17
What is the value of 10 + -10 + (0 - -5) - (6 - 1)?
0
What is (1 - 6) + (-14 - 9 - 2)?
-30
What is the value of (-16 - (0 - -1)) + 22 - (-1 - -24)?
-18
What is the value of (-2 - 17) + 16 - (2 + (2 - 4))?
-3
What is (5 - 0) + 60 + -60 + 4 + -2?
7
Calculate (38 - -1) + 218 + -229.
28
0 + 10 + -6 + 0
4
Calculate (-10 - -2) + 13 + -3 + -7 - -11.
6
What is the value of 14 - (7 + (-12 - (-13 - -6))) - -1?
13
What is the value of (7 - (-7 - 4)) + -9 - -6?
15
What is the value of -19 - (3 + -17 + 10)?
-15
What is (-2 - (7 + -1)) + (1 + -6 - -3)?
-10
What is the value of -1 - (30 + -21 + -1 + 7)?
-16
What is the value of 13 - 14 - (-14 + 31 + -2)?
-16
9 + -8 + 4 + 45 + -32
18
Evaluate 9 - (-6 + 3 - -38 - (1 - -5)).
-20
What is the value of -39 + 4 + -19 - -22?
-32
What is the value of 595 + -570 - (-1 - -44)?
-18
Evaluate 7 + -7 - 13 - -8.
-5
What is (22 - (16 + -7)) + (5 - -6)?
24
-30 + ((32 - -1) + -28 - (2 + 0))
-27
What is 1 + -11 - (-536 + 525)?
1
What is the value of -19 + (4 + (7 - 11) - -7)?
-12
Calculate -3 - (-2 + 0 + (4 - 6) + 8).
-7
Calculate 24 - (-10 + (-8 - -9 - -13)).
20
Evaluate (-1 - (-26 - -9)) + -5 + -4 + 2.
9
What is (2 - ((-1 - -5) + -7)) + (-4 - -2)?
3
Evaluate -15 - (5 + -6 + -4).
-10
What is the value of 49 + -10 - (17 + 8)?
14
Evaluate 12 - 1 - (13 - 30 - -42).
-14
-10 + (-19 - (4 - 36))
3
What is -26 + (-2 - 0 - (6 + -6 + -5))?
-23
What is the value of 1 - (-5 + 5) - (-38 + 18)?
21
What is the value of (-7 - (14 + -15)) + 20 + -2?
12
What is the value of 4 + 1 - (-37 + (14 - -18))?
10
Evaluate -7 + 2 + 0 + -4 + -26 + 15.
-20
Evaluate (11 - (22 - 11)) + (-3 - 0) - -15.
12
Evaluate 17 - (6 - 28 - -71).
-32
(31 - 20) + (0 - 1) + -11
-1
What is 8 - ((2 - -12) + -21 - -5)?
10
Calculate -36 - (22 - (44 - -7)).
-7
What is -1 - (-1 - 1) - (-46 + 54)?
-7
Calculate -3 + 1 + 2 + 7 + -8 + -14.
-15
Calculate 3 - 6 - (-7 + (8 - (-8 - -14))).
2
Evaluate (-14 - -27) + -15 - (6 + -3).
-5
Calculate 12 - (10 - (12 - 9)).
5
-1 + -1 - (5 + (16 - 19))
-4
(34 - (-15 - -36)) + -7
6
Calculate 24 + -36 + 20 - (0 + -1).
9
Evaluate 23 + (-9 - -5) + -1 + -6 + 4.
16
Evaluate (-5 - 0 - (-1 + -4)) + -9.
-9
Calculate -12 + -13 + 13 + 5 - (6 - 0).
-13
What is (8 - 6) + 6 - (-4 - -12)?
0
What is the value of (6 + 0 - 0) + (23 - -1) + -21?
9
Evaluate 18 + 2 - 29 - (-18 + -1).
10
Evaluate -4 + (8 - 0) + (8 - -13) + -33.
-8
(-1 - -3) + (-32 - (-15 + 18))
-33
-17 + (-10 - -24) + -10
-13
-5 - -17 - -5 - 4 - -19
32
Calculate (-2 - (-16 - -6)) + 5 + -18.
-5
What is 6 - (6 - (5 - 3))?
2
What is the value of (1 - (17 - (1 - -1)) - -7) + 16?
9
Evaluate 20 - (22 - 16 - -11).
3
Evaluate 1 + 4 + -5 - -5 - (38 + -21).
-12
6 - (15 + -21 - -17)
-5
What is 36 + -40 - (12 + (1 - (3 - -1)))?
-13
What is the value of (1 - (0 + -8)) + -348 + 328?
-11
What is -6 + (-23 - -17) - -28?
16
What is the value of -31 - (5 + -40) - (9 - (-1 + 1))?
-5
Evaluate (-4 - -7) + -18 + 5 + (17 - 16).
-9
Calculate 17 - (9 - (19 - 16)) - 2.
9
What is 28 - (32 + -32 + 4)?
24
Evaluate (-8 - -18 - 20) + (4 - 1) - -34.
27
8 + 30 + 12 + -27
23
What is the value of 4 - (3 + 8 + -7)?
0
Calculate (-12 - -10) + 37 - 20.
15
What is -43 + 48 + -4 + 18?
19
Evaluate (94 - 89) + (1 - 20).
-14
What is the value of -4 + (-26 - -12 - -21 - (-2 + 8))?
-3
Calculate 1 + 30 - 34 - (2 + (-1 - 1)).
-3
What is -2 - 0 - (-7 + (8 - 15) + 1)?
11
What is the value of 45 + -42 - (6 + -21)?
18
What is (9 - 31) + (1 + 21 + -13 - 12)?
-25
What is the value of -3 + 2 + 28 + (-58 - -42)?
11
What is the value of (12 + (-26 - -11) - 15) + 12?
-6
What is 8 + 0 + 7 + -3?
12
-7 - -5 - -15 - 8 - -20
25
What is the value of 10 - (17 + -22 + 10)?
5
Calculate -2 + -6 + -8 + 7 + -4.
-13
31 + (8 - -8 - 36)
11
Calculate ((26 - 23) + (20 - 1) - -3) + -6.
19
Evaluate 0 + 34 + -37 + (10 - -1) - -6.
14
-16 + (17 - (-15 - -3))
13
Evaluate -9 + (-1 - ((3 - 2) + -7)) + -2.
-6
Calculate -12 - -21 - (0 + 7) - (3 - 1).
0
-8 + -11 + 1 + (-282 - -283)
-17
3 + 2 + -2 + -25 + -1 + 7
-16
What is the value of (5 - 0 - (21 - 17)) + (2 - 12)?
-9
Evaluate 0 + -1 + 63 + -81 + 12.
-7
Evaluate -1 + 8 + 2 + (6 + -12 - -5).
8
What is 11 - (12 - (8 - 2)) - 9?
-4
Calculate -7 - -10 - (-2 + 13 - 21).
13
What is the value of (2 - 33 - -13 - -4) + 4?
-10
What is 3 + 5 - 11 - (-19 + 4)?
12
0 - 9 - (-34 + (28 - -3))
-6
What is 2 + (5 - (-4 + 15)) + 4?
0
What is 3 + 7 - 4 - (-22 + -4 + 38)?
-6
What is 18 + -2 - ((-24 - -20) + 12 + -2)?
10
Calculate 7 - 0 - 0 - 4.
3
-4 + (20 - (5 + 15))
-4
-3 + (13 - (-11 + 21))
0
Evaluate -102 + 106 - (2 + 1 + 0).
1
7 - (21 + (-12 - -1) + (-6 - 12))
15
7 + 6 + -10 + 11 + -5
9
(39 - 9) + -98 + 62
-6
Evaluate -20 - (-8 - (2 - 3) - (2 + -12)).
-23
What is the value of 3 + -5 + (-11 - 1)?
-14
What is -7 + (1 - -2 - (-59 + 65))?
-10
What is the value of (-5 - -1) + (-34 + 33 - -31)?
26
-801 - -831 - (5 + 1)
24
What is (5 - (3 + 0)) + -2 + 1?
1
Evaluate 49 - (19 + -10 + (-2 - -7)).
35
Calculate 5 + (-26 + 26 - -17).
22
What is (3 - -16 - 0) + -9?
10
1 - 6 - (1 + 15 + 4 + -11)
-14
What is 18 + -20 + 0 + -7?
-9
Calculate (4 + -4 - 2 - -1) + (17 - 14).
2
What is -4 + -3 + 4 + (-5 + 3 - -9)?
4
Calculate (-10 - -48) + -19 + 7.
26
Evaluate -11 + (4 - (-3 + -7 - 10)).
13
What is the value of (24 + -15 - 15) + -9 + 5 + -4?
-14
Evaluate -17 + (-41 - -18) + 11 + 17.
-12
What is 20 + 11 + 5 + -31 + (18 - 4)?
19
Evaluate -24 - (0 - -13 - (-225 + 251)).
-11
What is the value of -7 - (6 - (8 - (9 + -4)))?
-10
What is (2 - 3) + 0 - ((-2 - -5) + -5)?
1
Calculate 208 + -193 - (1 - 2).
16
Calculate (-1 + 0 - -2) + -10 + (302 - 301).
-8
What is the value of -20 + 2 - (2 + -13 + 1)?
-8
What is the value of 4 - (11 + (17 - 27) - (-18 - -1))?
-14
Calculate (1 - 2) + (108 - 104) + 6 + 10.
19
What is 10 + -16 + 12 + 2 - 28?
-20
What is the value of -25 - ((35 - 18) + -51)?
9
Calculate -23 + -14 + 1 + 27.
-9
Calculate 14 - (2 - 1) - -9.
22
Calculate -1 + -8 - (-22 - (-10 + -1 + 4)).
6
What is the value of -5 + 2 + 5 + -6?
-4
Evaluate 1 + 0 - ((20 - 1) + -12).
-6
15 - (4 - 26 - -44) - (-6 + -1)
0
Calculate (-2 - 20) + (-105 - -113).
-14
What is 11 - (-7 + (9 - (9 + (-11 - 5))))?
2
6 - (13 - 13 - -9)
-3
Calculate (0 - (-11 - 1) - -1) + (-337 - -341).
17
Evaluate (8 + 3 - (26 + -7)) + 20 + 1.
13
Calculate -15 + (-2 - -17 - 11).
-11
What is 8 - ((55 - (-5 - -14)) + -11 + 4)?
-31
2 + 1 - ((-30 - -13) + 9)
11
-1 - 14 - 4 - (-1 + 11 - 3)
-26
Calculate 0 + -13 - (-32 - -8).
11
What is the value of -3 + -4 + 10 + 1?
4
18 - (16 + -7) - 12 - (3 + -1)
-5
What is -14 - (-18 + (-8 - -11))?
1
What is 23 + -11 + -10 + 22 + 15?
39
What is 50 + -15 + 1 + -18?
18
Calculate (1 - -10) + -3 - (88 + (-51 - -11)).
-40
What is 2 + -14 + 21 + (0 - -1)?
10
13 + (-2 + -7 - -7)
11
What is (98 - 38) + -34 + -14?
12
Evaluate (10 + -6 + 0 - 15) + 1.
-10
5